 9. Let g(d) = 25*d - 5. Let j(i) = 7*g(i) + 4*z(i). What are the prime factors of j(-2)?
43
Suppose 5*o + 4*p = 29, 4*o - 19 = p - 0*p. Suppose 3*h - o*y - 5 = 4, -2*y - 8 = h. List the prime factors of h/(0 + (-1)/6).
2, 3
Let w be 4/(-3)*(-6)/4. Let k = 0 + 0. Suppose -w*s = -k*s - 22. List the prime factors of s.
11
Suppose -i - 4*q = 2*i - 101, 0 = -3*i + 3*q + 108. What are the prime factors of i?
5, 7
Suppose -2*o = -3*o + 2. List the prime factors of 57 - o - (10 + -7).
2, 13
Let d = 2 + 8. Suppose -5*s - 5*k = 23 - 63, -1 = 3*s - 2*k. Let m = d - s. List the prime factors of m.
7
Let c = -203 + 371. What are the prime factors of c?
2, 3, 7
Let b(z) be the first derivative of -z**2/2 - 23*z - 2. Let t be b(-10). Let i = 4 - t. What are the prime factors of i?
17
Let t be -3 + 5 + 3 + -1. Suppose -t*r - 13 + 57 = 0. List the prime factors of r.
11
Suppose u + 24 = 5*u. Let i = u - 3. Suppose 4 = -x + 5*y, 0*x + 4*x + i*y - 30 = 0. List the prime factors of x.
2, 3
Let w(f) = 37*f - 1. Suppose 3 = 3*r - 0*r. What are the prime factors of w(r)?
2, 3
Let r be 0 - 1 - (-2 - -1). Let t be ((-4)/(-3))/((84/(-18))/(-7)). Suppose r = -t*d - 3 + 33. List the prime factors of d.
3, 5
Suppose -2*v + 2*b + 6 = 0, 2*b - 1 + 4 = v. Let z(c) = 2*c - 4. Let x be z(v). Suppose x*k + 5 - 11 = 0. What are the prime factors of k?
3
Let a(p) = 10*p**3 - 5*p**2 + 7*p + 1. What are the prime factors of a(3)?
13, 19
Let d(g) = 25 - g**2 - 8*g - 25. What are the prime factors of d(-5)?
3, 5
Let u(o) = o - 1. Let b(r) = -3*r**2 - 3*r + 4. Let g(m) = b(m) + 4*u(m). Let i be g(1). List the prime factors of (-2 + 0)/i*8.
2
Suppose -1 + 6 = -5*c + 5*y, c = 5*y - 17. Suppose -4*j = -c*w - 73, 4*j + 2*w - 49 = -3*w. What are the prime factors of j?
2
Suppose 4*x + 3 - 69 = -2*d, 5*x - 33 = -d. List the prime factors of d.
3, 11
Let s = 686 + -447. List the prime factors of s.
239
Suppose 0 = -2*d - 1 - 7. What are the prime factors of ((-9)/d)/((-1)/(-4))?
3
Suppose -5*w - 76 = -h - 1, -4*h + 300 = w. What are the prime factors of h?
3, 5
Let j(u) = -u**2 + u - 6. Suppose 5*o = -0*o. Let x be j(o). List the prime factors of (4/x)/(2/(-36)).
2, 3
Suppose -4*g - 15 + 135 = 0. List the prime factors of ((-12)/20)/((-2)/g).
3
Let i = 12 + -8. Suppose i*a - 2*q = 32, 4*a = q - 11 + 39. List the prime factors of a.
2, 3
Suppose 0 = 5*j + 20 - 0. Let x = j + 9. List the prime factors of x.
5
Let f(c) = c**3 + c + 164. What are the prime factors of f(0)?
2, 41
Let o be 9/6*(-8)/(-6). Suppose -o*b + 72 = -0*b. What are the prime factors of b?
2, 3
Suppose 4*r + h + 1175 = 9*r, -5*h - 259 = -r. What are the prime factors of r?
2, 3, 13
Let l(u) = u**3 - 5*u**2 + 4*u - 4. Let k be l(4). Let b be (k/(-3))/((-1)/12). Let p = b + 23. What are the prime factors of p?
7
Let c be (-27)/(-5) + 2/(-5). Suppose 5*x = -5*w + 345, 4*w + 4 = c*x - 386. What are the prime factors of 9/6 + x/4?
2, 5
What are the prime factors of (-20)/(-60)*(187 + -1)?
2, 31
What are the prime factors of -6*((-135)/(-2))/(-9)?
3, 5
Suppose t - 34 = -2*g, -2*t = -4*g - 7*t + 68. List the prime factors of g.
17
Let w = -10 - -9. What are the prime factors of (w/2)/(4/(-104))?
13
Let f = 1179 + -792. List the prime factors of f.
3, 43
Let b(k) = k**3 + 7*k**2 - k - 2. Let i be b(-5). Suppose -3*t + 5*p + i = 0, -2*p + 3*p = t - 17. List the prime factors of t.
2
Let j be 0/(-1 + (-2 - -1)). Let x = j + 8. List the prime factors of x.
2
List the prime factors of (2/6)/(5/870).
2, 29
Suppose 0 = 4*v - 9 - 7. What are the prime factors of v?
2
Suppose 0 = -4*l - 3*o + 73, -9 = l + 5*o - 40. What are the prime factors of l?
2
Let b(y) = 7*y**2 - 3*y - 3. List the prime factors of b(3).
3, 17
What are the prime factors of (-663)/(-7) - (48/28 - 2)?
5, 19
Let b(k) = -k - 5. Let n(i) be the second derivative of i**3/6 - i. Let h(d) = -b(d) - 2*n(d). List the prime factors of h(-6).
11
Let k(r) = r**3 + 15*r**2 + 13*r - 5. List the prime factors of k(-14).
3
Let w = 206 + -92. Suppose -7*g + w = -g. List the prime factors of g.
19
Suppose 2 = -2*u + 3*u. Let p be (-3)/1 + 2 + u. Suppose p + 3 = 2*n. List the prime factors of n.
2
Let x(o) = o**3 + 7*o**2 + 6*o + 4. Let c be x(-6). Let j(u) = u - 1. Let p be j(0). List the prime factors of 116/16 + p/c.
7
Suppose -n = -0*p + p - 53, 161 = 3*p + n. List the prime factors of p.
2, 3
Suppose 4*i - 32 = 4*d, 3*i - 4*d - 20 = -3*d. What are the prime factors of 1 + -1 + i/2?
3
Suppose 5*m - 4 = -x - 6, 0 = 4*m + 5*x + 10. Suppose m = -3*g - 0 + 6, 2*o - 28 = -5*g. Let f = o + -3. What are the prime factors of f?
2, 3
Suppose -4*w = -0*s + 4*s, -w - 3*s - 4 = 0. Suppose w*u - 2 + 4 = 0. Let n = 5 - u. What are the prime factors of n?
2, 3
Suppose 4*o - 8 = -4*b - o, 0 = -o. Suppose -3*v - 5*u + 90 = -5, b*u = 5*v - 117. What are the prime factors of v?
5
Let o be (2 - 11/3)*3. Let s = 4 - o. List the prime factors of s.
3
Suppose -3*a + 14 + 1 = 0. Suppose -a*s = -0*s - 10. List the prime factors of s.
2
Let o be 6/4 - 78/(-4). Let l = o - 14. What are the prime factors of l?
7
Suppose 2*h - 2 = -z, -2*z - 2*h = 2*z + 16. Let c be (z/4)/((-6)/(-80)). Let q = 29 + c. What are the prime factors of q?
3
Let m(z) = z**2 - z + 29. List the prime factors of m(0).
29
Let c = 68 + -38. Suppose -2*v - c = -3*v. What are the prime factors of v?
2, 3, 5
Let o(t) = -10*t - 4. List the prime factors of o(-7).
2, 3, 11
Let b be -1 - 2/2 - -52. Suppose 0 = -5*d - 5*l + b, d + 5*l = 3*d - 27. List the prime factors of d.
11
Let d = -4 - -6. Suppose 3*j + 2*w = d*j + 4, -2*j - 3*w + 7 = 0. Suppose -6 = j*i - 5*i. List the prime factors of i.
2
Let q be 2/(-6) - (-112)/(-42). List the prime factors of (q - -13) + (0 - 1).
3
Suppose -3*h + 451 + 113 = 0. List the prime factors of (h/6)/(10/15).
47
Suppose -3*n = -0*n + 4*v - 13, 2*n = -2*v + 8. Suppose -f + 4*f = n*k + 48, f - 14 = 3*k. What are the prime factors of f?
17
Suppose -2*n - 277 = -7*n - s, -4*s = 4*n - 212. What are the prime factors of n?
2, 7
Let r = 25 + -15. Let j = 19 + -12. Let b = r - j. List the prime factors of b.
3
Suppose -b = 2*b - 81. What are the prime factors of b?
3
Let l = 5 + -12. List the prime factors of (-100)/l - 2/7.
2, 7
Let h(u) = -u**3 - 11*u**2 + 8*u + 9. What are the prime factors of h(-12)?
3, 19
Let y = 703 + -496. List the prime factors of y.
3, 23
Let l(j) = j**3 + 10*j**2 + 4*j - 18. List the prime factors of l(-8).
2, 3, 13
Suppose -3*n + h + 155 = 0, -n + 4*h + 19 = -29. List the prime factors of n.
2, 13
Let x be 21 - 2 - 9/(-3). Let v = x + -12. List the prime factors of v.
2, 5
Suppose g + 0 = 3. Suppose -v + 62 = 3*y, g*v + v + 46 = 2*y. What are the prime factors of y?
3, 7
Let a(k) = -k + 1. Let f be a(-1). Let n be f + 1/(-1) - 1. Suppose -l + 3 = -n. What are the prime factors of l?
3
Let h(u) = -u**3 + 2*u**2 + 1. Let r be h(2). Let k(q) = q**2 + 4*q + 4. Let s be k(-2). Suppose s = z - 6 - r. What are the prime factors of z?
7
Let i(q) = -16*q**3 - 21*q**2 - 26*q + 6. Let g(z) = 3*z**3 + 4*z**2 + 5*z - 1. Let f(v) = -11*g(v) - 2*i(v). List the prime factors of f(-3).
17
Suppose -1267 = -4*t + 21. List the prime factors of t.
2, 7, 23
Suppose 0 = 6*y - 2*y - 96. Let u = y - -1. What are the prime factors of u?
5
Let h be 3 - -1*(0 + 1). What are the prime factors of 8/(-6)*(-30)/h?
2, 5
Suppose -x + 2*x = -3*a + 22, 3*a - 19 = 2*x. Suppose -2*i + a*i = 5. List the prime factors of 12 + i + (-2)/(-2).
2, 7
Let n(t) = -t + 14. Let v(f) = -f**3 - 7*f**2 + 7*f + 2. Let i be v(-8). What are the prime factors of n(i)?
2
Let z(b) = -b**3 + 4*b**2 + 5*b + 2. Let r be z(5). Let s = r + 3. Suppose 3*k + 0*o - 28 = -s*o, -3*o - 6 = -2*k. List the prime factors of k.
2, 3
Let b(l) = 3*l**2 - 14*l - 10. List the prime factors of b(-5).
3, 5
Let d(p) = 7*p**3 + p. Let f be d(-1). Let u be 39/(-4) + 2/f. Let b = u - -17. List the prime factors of b.
7
Suppose -17 + 73 = 4*s. List the prime factors of s.
2, 7
Suppose -2*f = 3 + 5. Let c = f - -4. Suppose c*l - n - 7 = -2*l, -22 = -5*l - 2*n. What are the prime factors of l?
2
Suppose 0 = 2*k - k. Let j(w) = -3 + 5*w - 4 + w**2 + k*w. List the prime factors of j(-7).
7
Suppose -5*u = 5*a, -3*u + 8 = 3*a + 2*a. Suppose -a*f = -f - 12. Let g = f - -3. W